0 + -2902. What are the prime factors of (-44)/(-330) - o/(-15)?
2, 223
Let g(s) be the first derivative of s**3/3 + 6*s**2 + 23*s + 14. Let k be g(-10). Suppose h - 48 = k*c, 2*c - c + 2 = 0. List the prime factors of h.
2, 3, 7
Let o be 2/16 + (-78)/(-16). Suppose -3 = i - o. Suppose i - 590 = -6*b. List the prime factors of b.
2, 7
Suppose -60 = -4*n + j, -3*n + 20 + 8 = -5*j. Suppose n*m - 3073 = 3359. What are the prime factors of m?
2, 3, 67
Let m(l) = -l**3 - 29*l**2 - 52*l - 17. Let o be m(-27). Let y = 1570 - o. What are the prime factors of y?
3, 547
Suppose -215 = 12*n - 287. Let m(w) = 3 + 3 + 0*w + w - 3. List the prime factors of m(n).
3
What are the prime factors of 53409/21*3 - (-546)/(-637)?
3, 2543
Let x(z) = -z**3 + 23*z**2 + 15*z + 1. Let f be (44/(-44))/(1/(0 + -8)). List the prime factors of x(f).
23, 47
Let j be (-32)/(-6)*549/(-6). What are the prime factors of (1 - (4 - -3))*j/12?
2, 61
Let d be 13945 + (-49)/7 - -6. Suppose 0 = 70*v - 58*v - d. What are the prime factors of v?
2, 7, 83
List the prime factors of 11/(69/(-40549)*(-3)/18).
2, 11, 41, 43
Let q = 1081 + 21668. List the prime factors of q.
3, 7583
Suppose 70*j - 73*j + 15 = 0. Let i(k) = k**2 - 3*k - 6. Let m be i(5). Suppose 5*t - m*o = 748, -3 = -o - j. List the prime factors of t.
2, 37
Suppose i = 3*a - 47656, -3*a + 4*i + 33015 = -14617. List the prime factors of a.
2, 3, 331
Let o = 132070 + -93457. What are the prime factors of o?
3, 61, 211
Suppose -2*r + 3*s + 1553 = 0, -3*r + 12*s + 2375 = 14*s. List the prime factors of r.
787
Let x = -786 + 1125. Let f = x + -111. List the prime factors of f.
2, 3, 19
What are the prime factors of 7 + (3098214/737 - (-4)/22)?
4211
What are the prime factors of 2/(-10) - 12498/60*-114?
2, 31, 383
Let p(o) be the first derivative of 507*o**2/2 - 3*o - 68. List the prime factors of p(1).
2, 3, 7
Suppose -2*n = -4*v + 8, -3*n - 55 = v - 15. List the prime factors of -199*(-2 + (-28)/n)*-6.
2, 199
Let c(n) = -n**3 + 5*n**2 + 16*n - 18. Let i be c(6). What are the prime factors of 2163/i - (-1 + 6/4)?
3, 17
Let k be -2 - ((-3 - -1) + -2). Suppose w = 4, -2*w + 1254 = 2*u + k*w. Suppose 0 = -4*r - 5*v + u, 4*v + 218 = 2*r - 72. List the prime factors of r.
151
Suppose -5*h - g = -0*g + 470, 2*g - 455 = 5*h. Let o be 0 + -130 - 10/(-25)*-5. Let c = h - o. List the prime factors of c.
3, 13
Suppose 132*q - 202*q = -305830. List the prime factors of q.
17, 257
Suppose 0 = -5*o + 2320*k - 2315*k + 307965, 0 = 2*o - k - 123178. What are the prime factors of o?
5, 109, 113
What are the prime factors of 8*(-7606)/6*(477/18 - 28)?
2, 3803
Suppose 2*f + 5*r - 2 = -0*f, 0 = 2*f - r - 14. Suppose 5*j - b = 629, 0 = -j + f*b - b + 121. Suppose p = -8*p + j. List the prime factors of p.
2, 7
Suppose 102016 = 87*z - 1746473. What are the prime factors of z?
21247
Let w = 26860 - -5123. What are the prime factors of w?
3, 7, 1523
Let f(z) = -1680*z - 2969. List the prime factors of f(-29).
45751
Suppose b + l = 0, -4*l - 8 = -24. What are the prime factors of 6/(-6) + b + (-604)/(-4)?
2, 73
Let x = 260 + -236. Suppose -6443 = -x*d + 10309. List the prime factors of d.
2, 349
Let g(b) = -b**3 + 15*b**2 + 4*b + 20. Let r(w) = -w**2 + 8*w - 9. Let t be r(6). Suppose v + 63 = 4*f, t*f - 54 = -0*v + 3*v. List the prime factors of g(f).
2, 5
Let v = -9550 - -6066. Let w be 68 + (-4)/2 + 0. List the prime factors of v/(-44) - 12/w.
79
List the prime factors of ((-319)/(-2))/(3/(-8)*(-752)/2820).
5, 11, 29
Let q(p) = 109*p**2 + 3*p - 5. Let m be q(2). Let d = 834 - m. Let x = -162 + d. What are the prime factors of x?
5, 47
Let y(r) = -24*r**3 + 3*r**2 - 12*r - 32. Let a be y(-4). Let x = a + -1019. List the prime factors of x.
7, 83
Let n = -391 + 682. Let z = n + 225. List the prime factors of z.
2, 3, 43
Let d = 43 + -38. Suppose 0 = 2*w - 2*s - 12, 3*w + d*s - 28 = 3*s. Suppose -4*y + w*y - 336 = 0. List the prime factors of y.
2, 3, 7
List the prime factors of (0 - -233)/(1972/(-221) - -9).
13, 233
Let y be 42/(-4)*(-1128)/14. Suppose 10*p + y - 2266 = 0. What are the prime factors of p?
2, 71
Let p(u) = 2*u**2 - 20*u + 18. Let w be (-1 - -3)/(12/24). Let k(z) = 3*z + 1. Let n be k(w). List the prime factors of p(n).
2, 3
Let m = 8121 + 2350. What are the prime factors of m?
37, 283
Let d = 19982 - 15829. What are the prime factors of d?
4153
Suppose 4*g + 4*u = 2*g - 16, 9 = -g - u. Let x(r) be the second derivative of -2*r**3/3 + r**2/2 + 10*r. List the prime factors of x(g).
41
Suppose -38 + 210 = f. Suppose -f = -x + 5*q, -q - 2*q = 3*x - 570. List the prime factors of x.
11, 17
Let c be ((-20)/(-4))/(-5) - -1. Suppose c = -2*j - v + 12, 4*j = 7*v - 3*v + 48. What are the prime factors of (-2)/(3*j/(-612))?
3, 17
Suppose -67*m - 45*m + 1804880 = 42*m. List the prime factors of m.
2, 5, 293
Suppose -5*b + 28796 = -2*g, b + 14*g - 5790 = 10*g. List the prime factors of b.
2, 43, 67
Suppose 245231 - 197220 = -94*l + 1027397. What are the prime factors of l?
3, 23, 151
Let n = 12435 - 894. What are the prime factors of n?
3, 3847
Let f be 0 - (-47)/(-1) - -1. Let z = f - -46. Suppose z = 4*g - 5*g + 3. List the prime factors of g.
3
What are the prime factors of 49875/(-250)*(-1 + -37)?
3, 7, 19
List the prime factors of 12*5*(-134616)/(-790).
2, 3, 71
Let j = -123 - -127. Suppose -5*x - 4*w + 121 = -0*w, j*w = x - 29. What are the prime factors of x?
5
Let z = -17 + 18. Let j be 163*z + -4 + 0. Let v = 236 - j. What are the prime factors of v?
7, 11
Suppose 453466 = 208*l + 164*l - 1063922. What are the prime factors of l?
4079
Let v(i) = i**2 - i + 9. Let k be v(-5). What are the prime factors of ((-8)/52 + (-696)/k)*-11?
2, 3, 11
Suppose 145*k + 2*l = 146*k - 4160, 5*l + 20805 = 5*k. List the prime factors of k.
2, 2081
Let j be (1 - 2)/((-9)/(-234)). Let l = 32 + j. List the prime factors of ((-10)/l)/5*-357.
7, 17
Let r be (-4 + 6)*2/16*20. Let f(h) = -h**2 + h + 24. Let d be f(r). List the prime factors of (-394)/(-6) + 2 - d/6.
67
Suppose 2*k + u - 450 = 87, -534 = -2*k + 2*u. Suppose 22*y + k = 26*y. Suppose -y*n + 70*n = 246. List the prime factors of n.
2, 41
Let b = -7666 - -28602. List the prime factors of b.
2, 2617
Suppose -50*h = -56*h - 24. What are the prime factors of -1325*(h/(-14) + 192/(-280))?
2, 5, 53
Let n be ((-8)/10 - 0)/(2/15). Let v = -99 - n. Let c = -8 - v. What are the prime factors of c?
5, 17
Suppose 2*l - 1800 = 160. Let t = l + -517. What are the prime factors of t?
463
Let j(s) = -28*s - 109. Let w be j(-18). Suppose 8*i - w = 6877. What are the prime factors of i?
3, 101
Let s be 30/4 - (-15)/30. Suppose -s*m + 4 = 20. What are the prime factors of -164*3/24*m?
41
Let z(q) be the third derivative of -q**5/60 + q**4/12 + 173*q**3/2 - 85*q**2. List the prime factors of z(0).
3, 173
Let t(n) = 2*n**3 - 6*n**2 - 10*n - 7. Let l be t(6). Suppose -2*s + 193 = l. What are the prime factors of s?
2, 11
Suppose -859 = -12*u + 725. Suppose -5*x - u = -2042. List the prime factors of x.
2, 191
Suppose -6*y + 3*y - 4*m + 1989 = 0, 0 = -2*m - 6. Let r = 1132 - y. What are the prime factors of r?
3, 5, 31
Let l(v) = -3*v - 10. Let t be l(4). Let f be 6/4 + 17*t/4. What are the prime factors of (-8027)/f + 6/8?
2, 11
Let i(a) = a**3 + 6*a**2 + a - 6. Let t be (108/60)/(6/(-20)). Let n be i(t). Let w = n + 215. List the prime factors of w.
7, 29
Suppose -w - j = -40559, -3*w + 6*w - 121661 = -j. What are the prime factors of w?
3, 7, 1931
Suppose -w = 13*w - 116032. List the prime factors of w.
2, 7, 37
Let f = -91 - -93. Let b be (-3)/((-18)/4)*3/f. List the prime factors of 119 + b + (6 - 2).
2, 31
Let c(t) = t + 3. Let b be c(-2). List the prime factors of (-6)/b - (22 + -266).
2, 7, 17
Let g(j) = -50*j + 1530. What are the prime factors of g(-5)?
2, 5, 89
Let u(v) = -199*v**3 + 22*v**2 + 44*v + 159. List the prime factors of u(-5).
2, 17, 373
List the prime factors of (28/(-12) - -4)*174508/40*6.
43627
Suppose -18*i = -13*i - 18145. Let g = i - 2560. What are the prime factors of g?
1069
Suppose -20 = -5*u, -3*y + 4*u = 17 + 32. Let z(d) = 4*d + 44. Let s be z(y). Suppose h - 3 = -s. List the prime factors of h.
3
Suppose 0 = -2*c - 5*a - 74, 8*c + 116 = 4*c - 2*a. Let n = -31 - c. Let y = 8 + n. What are t